omposite?
True
Is 856897 a prime number?
True
Is 3380599 a composite number?
False
Is 110350649 a composite number?
True
Is 838295911 a prime number?
True
Is 6321121 a prime number?
True
Is 3679031 a composite number?
False
Is 8088983 a prime number?
False
Is 973097 a composite number?
True
Is 1785026 prime?
False
Is 126913 composite?
False
Is 14381461 a prime number?
False
Is 6615413 a prime number?
False
Is 52369399 prime?
False
Is 15218587 a composite number?
True
Is 440776495 composite?
True
Is 9356981 prime?
True
Is 5450771 composite?
True
Is 6041663 a prime number?
False
Is 293290463 a composite number?
True
Is 8304757 a composite number?
False
Is 13210523 prime?
True
Is 33032179 a prime number?
True
Is 329730197 prime?
True
Is 5904089 a composite number?
False
Is 15235459 prime?
False
Is 29570451 composite?
True
Is 2752787 prime?
True
Is 64458829 a prime number?
True
Is 5714167 prime?
True
Is 55435487 composite?
True
Is 8574227 prime?
False
Is 21281581 a prime number?
True
Is 163748921 a prime number?
False
Is 11943817 composite?
False
Is 5918447 a prime number?
True
Is 113704529 a prime number?
True
Is 410177509 a prime number?
False
Is 71539273 a prime number?
False
Is 2245741 composite?
True
Is 938429 prime?
False
Is 50480137 composite?
False
Is 268789403 a prime number?
False
Is 752842913 a prime number?
False
Is 24190301 prime?
False
Is 740613801 prime?
False
Is 34069654 composite?
True
Is 103069019 a prime number?
True
Is 8545907 a composite number?
False
Is 87438007 prime?
True
Is 2259821 composite?
True
Is 5341987 composite?
True
Is 1156343 composite?
False
Is 54622357 prime?
False
Is 509379371 composite?
False
Is 349405753 a prime number?
True
Is 126358347 a prime number?
False
Is 392957 a prime number?
True
Is 427644131 prime?
False
Is 1855019765 prime?
False
Is 6948073 a composite number?
True
Is 32377291 prime?
True
Is 362473 a composite number?
False
Is 301237289 a prime number?
True
Is 24290393 prime?
True
Is 19246177 a prime number?
True
Is 26506763 prime?
False
Is 13229999 prime?
True
Is 31118743 prime?
True
Is 79180943 a composite number?
False
Is 6414563 composite?
True
Is 153355179 a composite number?
True
Is 121978789 a composite number?
False
Is 36077401 a composite number?
False
Is 115075406 composite?
True
Is 285928619 a prime number?
True
Is 102824477 a composite number?
True
Is 3141673 prime?
True
Is 35400119 a prime number?
False
Is 23757269 prime?
True
Is 2767253 a composite number?
True
Is 135959 a prime number?
False
Is 3110171 composite?
True
Is 22070143 prime?
False
Is 198472893 composite?
True
Is 271418397 a composite number?
True
Is 2933549 prime?
True
Is 7543097 a composite number?
False
Is 21140039 prime?
False
Is 15886363 a composite number?
False
Is 5089339 a composite number?
False
Is 417917 prime?
False
Is 8678447 prime?
True
Is 225265 prime?
False
Is 101971783 a composite number?
False
Is 438881 composite?
True
Is 206398763 a prime number?
False
Is 331704509 composite?
True
Is 3835751 a composite number?
False
Is 2599133 prime?
False
Is 9916397 a composite number?
True
Is 1345037 composite?
False
Is 9552757 composite?
False
Is 41860499 a composite number?
False
Is 20000993 composite?
True
Is 238619 composite?
True
Is 325769 a prime number?
True
Is 238987607 a composite number?
False
Is 119285977 prime?
True
Is 133847 prime?
False
Is 1772517 a prime number?
False
Is 150499841 prime?
False
Is 35184031 prime?
True
Is 89930117 prime?
True
Is 7249987 a prime number?
False
Is 6432509 prime?
True
Is 5323657 prime?
True
Is 78229615 a composite number?
True
Is 8282159 prime?
True
Is 7557671 a composite number?
True
Is 20062054 a prime number?
False
Is 527902 prime?
False
Is 367753 composite?
True
Is 79505677 composite?
False
Is 15686893 prime?
True
Is 2537869 a composite number?
False
Is 5329201 prime?
False
Is 49446415 prime?
False
Is 390506 a prime number?
False
Is 42078511 prime?
True
Is 84085009 prime?
False
Is 119556421 a composite number?
True
Is 1859428457 prime?
True
Is 1906513 a composite number?
True
Is 17390069 prime?
True
Is 20624131 prime?
False
Is 226337 a prime number?
True
Is 46556227 a composite number?
False
Is 59825785 a prime number?
False
Is 218642429 a prime number?
True
Is 1299226483 a prime number?
False
Is 5964919 a composite number?
False
Is 13547747 composite?
True
Is 168137 a prime number?
False
Is 1691189 a prime number?
True
Is 525298013 composite?
True
Is 1547893 prime?
True
Is 15067235 prime?
False
Is 55982633 a composite number?
True
Is 27133061 a composite number?
False
Is 20807807 prime?
False
Is 6132967 a composite number?
False
Is 297671719 a composite number?
True
Is 13469 a prime number?
True
Is 56447473 prime?
True
Is 3651487 a prime number?
False
Is 121251419 a prime number?
True
Is 2957579 a composite number?
False
Is 22466039 prime?
False
Is 195817487 prime?
False
Is 346511761 composite?
False
Is 986239 a composite number?
False
Is 245632453 a prime number?
False
Is 3754021 a prime number?
False
Is 3272561 a composite number?
True
Is 2472649 a prime number?
True
Is 4293739 a composite number?
True
Is 13094201 a composite number?
False
Is 15725341 prime?
True
Is 34794457 composite?
False
Is 164537 composite?
True
Is 19430683 prime?
False
Is 5229101 a prime number?
False
Is 166168759 composite?
False
Is 352421161 a prime number?
False
Is 3537295 prime?
False
Is 81219805 composite?
True
Is 17646677 composite?
False
Is 361397281 a prime number?
False
Is 42817709 a prime number?
False
Is 1752181 composite?
False
Is 10253531 a composite number?
False
Is 140449917 a composite number?
True
Is 12922901 prime?
True
Is 22063169 a prime number?
False
Is 2984977 prime?
True
Is 795766849 a composite number?
False
Is 20834243 a prime number?
True
Is 34811473 a composite number?
True
Is 14081957 a composite number?
True
Is 3794027 prime?
False
Is 249969973 composite?
True
Is 132086977 a composite number?
True
Is 167117777 prime?
False
Is 68338601 a composite number?
True
Is 38127811 a composite number?
False
Is 264522847 a composite number?
False
Is 145058627 prime?
False
Is 265130251 composite?
False
Is 355437307 prime?
False
Is 20341943 prime?
False
Is 5092859 prime?
False
Is 2990069 a prime number?
False
Is 4042642 prime?
False
Is 2554793 composite?
True
Is 590309 a prime number?
True
Is 13012999 composite?
False
Is 5190317 composite?
True
Is 7884029 a prime number?
True
Is 753351 composite?
True
Is 104366087 composite?
True
Is 17022013 a composite number?
True
Is 210679297 a composite number?
True
Is 2092841 a prime number?
False
Is 336131687 composite?
False
Is 21352129 a composite number?
True
Is 6702785 composite?
True
Is 40642951 a prime number?
True
Is 10243171 prime?
True
Is 3117097 a prime number?
True
Is 82235 prime?
False
Is 86215397 prime?
True
Is 3611119 a composite number?
False
Is 2238413 a composite number?
False
Is 4033693 prime?
False
Is 16611587 a composite number?
False
Is 2338901 composite?
False
Is 275497 a prime number?
False
Is 15750979 composite?
False
Is 102369 a composite number?
True
Is 188788091 prime?
True
Is 58601 a prime number?
True
Is 1311853 a prime number?
True
Is 2333317 composite?
True
Is 196824707 composite?
False
Is 6519091 a composite number?
False
Is 204059 a prime number?
True
Is 109260029 composite?
False
Is 310771937 prime?
False
Is 5133839 a prime number?
True
Is 61817237 prime?
True
Is 49293893 a composite number?
True
Is 14140787 a composite number?
True
Is 129124959 prime?
False
Is 15638765 prime?
False
Is 8464199 a composite number?
True
Is 37800167 a prime number?
False
Is 372095953 prime?
False
Is 10267 composite?
False
Is 381684169 prime?
True
Is 10457701 a composite number?
True
Is 15038809 a composite number?
False
Is 187343593 a prime number?
True
Is 1855753 a prime number?
False
Is 5351383 a composite number?
False
Is 48146179 a prime number?
False
Is 715397 a composite number?
False
Is 588347 composite?
False
Is 15789541 composite?
True
Is 100731047 a composite number?
False
Is 33695877 prime?
False
Is 3054353 prime?
True
Is 108323 prime?
False
Is 593631835 prime?
False
Is 11120279 a composite number?
False
Is 4965047 prime?
True
Is 6828733 a prime number?
False
Is 2201683 a prime number?
False
Is 49118177 prime?
Tr